{"id":13,"date":"2017-03-27T04:20:11","date_gmt":"2017-03-27T04:20:11","guid":{"rendered":"http:\/\/laescafandraplayback.com\/?page_id=13"},"modified":"2017-03-27T04:20:11","modified_gmt":"2017-03-27T04:20:11","slug":"about-tpb","status":"publish","type":"page","link":"https:\/\/andreasandovalz.com\/index.php\/about-tpb\/","title":{"rendered":"Teatro Playback"},"content":{"rendered":"<p>El Teatro Playback es una t\u00e9cnica de improvisaci\u00f3n teatral basada en las historias personales que la audiencia cuenta durante una funci\u00f3n.<\/p>\n<p><img loading=\"lazy\" decoding=\"async\" class=\"alignnone size-full wp-image-60\" src=\"http:\/\/laescafandraplayback.com\/wp-content\/uploads\/2017\/03\/audiencia-playback.jpg\" alt=\"\" width=\"1200\" height=\"900\" \/><\/p>\n<p>El Teatro Playback fue fundado en 1975 en el Valle Mid- Hudson en Nueva York por Jonathan Fox con Jo Salas y otros miembros de la compa\u00f1\u00eda original de Teatro Playback. Desde entonces, ha llegado a cientos de escenarios y lugares y ahora es practicado en m\u00e1s de 60 pa\u00edses. <strong>La Red Internacional de Teatro Playback (IPTN) es una organizaci\u00f3n que brinda apoyo y proporciona conexi\u00f3n e informaci\u00f3n a\u00a0 practicantes de Playback en cinco continentes.<\/strong><\/p>\n<hr \/>\n<p>Playback Theatre is a theatrical improvisation technique based on the personal stories that\u00a0 audience share during a presentation.<\/p>\n<p>Playback Theatre was founded in 1975 in the Mid-Hudson Valley in New York by Jonathan Fox with Jo Salas and other members of the original Playback Theatre company. Since then, it\u00a0has reached hundreds of settings and locations and is now practiced in over 60 countries. A support organization, the International Playback Theatre Network provides connection and information for Playback practitioners on five continents.<\/p>\n<hr \/>\n<h4>Links interesantes<\/h4>\n<p><a href=\"http:\/\/www.playbackcentre.org\/\" target=\"_blank\" rel=\"noopener noreferrer\">CENTRE FOR PLAYBACK THEATRE<\/a><\/p>\n<p><a href=\"http:\/\/www.iptn.info\/\" target=\"_blank\" rel=\"noopener noreferrer\">INTERNATIONAL PLAYBACK THEATRE NETWORK<\/a><\/p>\n<p><a href=\"http:\/\/redmexicanateatro-espontaneo-playback.blogspot.mx\/\" target=\"_blank\" rel=\"noopener noreferrer\">RED MEXICANA DE TEATRO ESPONTANEO Y TEATRO PLAYBACK<\/a><\/p>\n<hr \/>\n<p><img loading=\"lazy\" decoding=\"async\" class=\"alignnone size-full wp-image-62\" src=\"http:\/\/laescafandraplayback.com\/wp-content\/uploads\/2017\/03\/playback-links.jpg\" alt=\"\" width=\"1200\" height=\"802\" \/><\/p>\n","protected":false},"excerpt":{"rendered":"<p>El Teatro Playback es una t\u00e9cnica de improvisaci\u00f3n teatral basada en las historias personales que la audiencia cuenta durante una funci\u00f3n. El Teatro Playback fue fundado en 1975 en el Valle Mid- Hudson en Nueva York por Jonathan Fox con Jo Salas y otros miembros de la compa\u00f1\u00eda original de Teatro Playback. Desde entonces, ha [&hellip;]<\/p>\n","protected":false},"author":1,"featured_media":0,"parent":0,"menu_order":0,"comment_status":"closed","ping_status":"closed","template":"template-fullwidth.php","meta":{"footnotes":""},"class_list":["post-13","page","type-page","status-publish","hentry"],"yoast_head":"<!-- This site is optimized with the Yoast SEO plugin v24.5 - https:\/\/yoast.com\/wordpress\/plugins\/seo\/ -->\n<title>Teatro Playback - Andrea Sandoval<\/title>\n<meta name=\"robots\" content=\"index, follow, max-snippet:-1, max-image-preview:large, max-video-preview:-1\" \/>\n<link rel=\"canonical\" href=\"https:\/\/andreasandovalz.com\/index.php\/about-tpb\/\" \/>\n<meta property=\"og:locale\" content=\"en_US\" \/>\n<meta property=\"og:type\" content=\"article\" \/>\n<meta property=\"og:title\" content=\"Teatro Playback - Andrea Sandoval\" \/>\n<meta property=\"og:description\" content=\"El Teatro Playback es una t\u00e9cnica de improvisaci\u00f3n teatral basada en las historias personales que la audiencia cuenta durante una funci\u00f3n. El Teatro Playback fue fundado en 1975 en el Valle Mid- Hudson en Nueva York por Jonathan Fox con Jo Salas y otros miembros de la compa\u00f1\u00eda original de Teatro Playback. Desde entonces, ha [&hellip;]\" \/>\n<meta property=\"og:url\" content=\"https:\/\/andreasandovalz.com\/index.php\/about-tpb\/\" \/>\n<meta property=\"og:site_name\" content=\"Andrea Sandoval\" \/>\n<meta name=\"twitter:card\" content=\"summary_large_image\" \/>\n<meta name=\"twitter:label1\" content=\"Est. reading time\" \/>\n\t<meta name=\"twitter:data1\" content=\"1 minute\" \/>\n<script type=\"application\/ld+json\" class=\"yoast-schema-graph\">{\"@context\":\"https:\/\/schema.org\",\"@graph\":[{\"@type\":\"WebPage\",\"@id\":\"https:\/\/andreasandovalz.com\/index.php\/about-tpb\/\",\"url\":\"https:\/\/andreasandovalz.com\/index.php\/about-tpb\/\",\"name\":\"Teatro Playback - Andrea Sandoval\",\"isPartOf\":{\"@id\":\"https:\/\/andreasandovalz.com\/#website\"},\"primaryImageOfPage\":{\"@id\":\"https:\/\/andreasandovalz.com\/index.php\/about-tpb\/#primaryimage\"},\"image\":{\"@id\":\"https:\/\/andreasandovalz.com\/index.php\/about-tpb\/#primaryimage\"},\"thumbnailUrl\":\"http:\/\/laescafandraplayback.com\/wp-content\/uploads\/2017\/03\/audiencia-playback.jpg\",\"datePublished\":\"2017-03-27T04:20:11+00:00\",\"breadcrumb\":{\"@id\":\"https:\/\/andreasandovalz.com\/index.php\/about-tpb\/#breadcrumb\"},\"inLanguage\":\"en-US\",\"potentialAction\":[{\"@type\":\"ReadAction\",\"target\":[\"https:\/\/andreasandovalz.com\/index.php\/about-tpb\/\"]}]},{\"@type\":\"ImageObject\",\"inLanguage\":\"en-US\",\"@id\":\"https:\/\/andreasandovalz.com\/index.php\/about-tpb\/#primaryimage\",\"url\":\"http:\/\/laescafandraplayback.com\/wp-content\/uploads\/2017\/03\/audiencia-playback.jpg\",\"contentUrl\":\"http:\/\/laescafandraplayback.com\/wp-content\/uploads\/2017\/03\/audiencia-playback.jpg\"},{\"@type\":\"BreadcrumbList\",\"@id\":\"https:\/\/andreasandovalz.com\/index.php\/about-tpb\/#breadcrumb\",\"itemListElement\":[{\"@type\":\"ListItem\",\"position\":1,\"name\":\"Home\",\"item\":\"https:\/\/andreasandovalz.com\/\"},{\"@type\":\"ListItem\",\"position\":2,\"name\":\"Teatro Playback\"}]},{\"@type\":\"WebSite\",\"@id\":\"https:\/\/andreasandovalz.com\/#website\",\"url\":\"https:\/\/andreasandovalz.com\/\",\"name\":\"Andrea Sandoval\",\"description\":\"\",\"potentialAction\":[{\"@type\":\"SearchAction\",\"target\":{\"@type\":\"EntryPoint\",\"urlTemplate\":\"https:\/\/andreasandovalz.com\/?s={search_term_string}\"},\"query-input\":{\"@type\":\"PropertyValueSpecification\",\"valueRequired\":true,\"valueName\":\"search_term_string\"}}],\"inLanguage\":\"en-US\"}]}<\/script>\n<!-- \/ Yoast SEO plugin. -->","yoast_head_json":{"title":"Teatro Playback - Andrea Sandoval","robots":{"index":"index","follow":"follow","max-snippet":"max-snippet:-1","max-image-preview":"max-image-preview:large","max-video-preview":"max-video-preview:-1"},"canonical":"https:\/\/andreasandovalz.com\/index.php\/about-tpb\/","og_locale":"en_US","og_type":"article","og_title":"Teatro Playback - Andrea Sandoval","og_description":"El Teatro Playback es una t\u00e9cnica de improvisaci\u00f3n teatral basada en las historias personales que la audiencia cuenta durante una funci\u00f3n. El Teatro Playback fue fundado en 1975 en el Valle Mid- Hudson en Nueva York por Jonathan Fox con Jo Salas y otros miembros de la compa\u00f1\u00eda original de Teatro Playback. Desde entonces, ha [&hellip;]","og_url":"https:\/\/andreasandovalz.com\/index.php\/about-tpb\/","og_site_name":"Andrea Sandoval","twitter_card":"summary_large_image","twitter_misc":{"Est. reading time":"1 minute"},"schema":{"@context":"https:\/\/schema.org","@graph":[{"@type":"WebPage","@id":"https:\/\/andreasandovalz.com\/index.php\/about-tpb\/","url":"https:\/\/andreasandovalz.com\/index.php\/about-tpb\/","name":"Teatro Playback - Andrea Sandoval","isPartOf":{"@id":"https:\/\/andreasandovalz.com\/#website"},"primaryImageOfPage":{"@id":"https:\/\/andreasandovalz.com\/index.php\/about-tpb\/#primaryimage"},"image":{"@id":"https:\/\/andreasandovalz.com\/index.php\/about-tpb\/#primaryimage"},"thumbnailUrl":"http:\/\/laescafandraplayback.com\/wp-content\/uploads\/2017\/03\/audiencia-playback.jpg","datePublished":"2017-03-27T04:20:11+00:00","breadcrumb":{"@id":"https:\/\/andreasandovalz.com\/index.php\/about-tpb\/#breadcrumb"},"inLanguage":"en-US","potentialAction":[{"@type":"ReadAction","target":["https:\/\/andreasandovalz.com\/index.php\/about-tpb\/"]}]},{"@type":"ImageObject","inLanguage":"en-US","@id":"https:\/\/andreasandovalz.com\/index.php\/about-tpb\/#primaryimage","url":"http:\/\/laescafandraplayback.com\/wp-content\/uploads\/2017\/03\/audiencia-playback.jpg","contentUrl":"http:\/\/laescafandraplayback.com\/wp-content\/uploads\/2017\/03\/audiencia-playback.jpg"},{"@type":"BreadcrumbList","@id":"https:\/\/andreasandovalz.com\/index.php\/about-tpb\/#breadcrumb","itemListElement":[{"@type":"ListItem","position":1,"name":"Home","item":"https:\/\/andreasandovalz.com\/"},{"@type":"ListItem","position":2,"name":"Teatro Playback"}]},{"@type":"WebSite","@id":"https:\/\/andreasandovalz.com\/#website","url":"https:\/\/andreasandovalz.com\/","name":"Andrea Sandoval","description":"","potentialAction":[{"@type":"SearchAction","target":{"@type":"EntryPoint","urlTemplate":"https:\/\/andreasandovalz.com\/?s={search_term_string}"},"query-input":{"@type":"PropertyValueSpecification","valueRequired":true,"valueName":"search_term_string"}}],"inLanguage":"en-US"}]}},"_links":{"self":[{"href":"https:\/\/andreasandovalz.com\/index.php\/wp-json\/wp\/v2\/pages\/13","targetHints":{"allow":["GET"]}}],"collection":[{"href":"https:\/\/andreasandovalz.com\/index.php\/wp-json\/wp\/v2\/pages"}],"about":[{"href":"https:\/\/andreasandovalz.com\/index.php\/wp-json\/wp\/v2\/types\/page"}],"author":[{"embeddable":true,"href":"https:\/\/andreasandovalz.com\/index.php\/wp-json\/wp\/v2\/users\/1"}],"replies":[{"embeddable":true,"href":"https:\/\/andreasandovalz.com\/index.php\/wp-json\/wp\/v2\/comments?post=13"}],"version-history":[{"count":0,"href":"https:\/\/andreasandovalz.com\/index.php\/wp-json\/wp\/v2\/pages\/13\/revisions"}],"wp:attachment":[{"href":"https:\/\/andreasandovalz.com\/index.php\/wp-json\/wp\/v2\/media?parent=13"}],"curies":[{"name":"wp","href":"https:\/\/api.w.org\/{rel}","templated":true}]}}