{"id":64,"date":"2017-05-11T22:48:55","date_gmt":"2017-05-11T22:48:55","guid":{"rendered":"http:\/\/laescafandraplayback.com\/?page_id=64"},"modified":"2017-05-11T22:48:55","modified_gmt":"2017-05-11T22:48:55","slug":"sobre-la-escafandra-ensamble-teatra-playback","status":"publish","type":"page","link":"https:\/\/andreasandovalz.com\/index.php\/sobre-la-escafandra-ensamble-teatra-playback\/","title":{"rendered":"Ensamble"},"content":{"rendered":"<p>&nbsp;<\/p>\n<p><img loading=\"lazy\" decoding=\"async\" class=\"size-full wp-image-66 alignleft\" src=\"http:\/\/laescafandraplayback.com\/wp-content\/uploads\/2017\/05\/teatro-playback-origen.jpg\" alt=\"\" width=\"640\" height=\"426\" \/><\/p>\n<p>&nbsp;<\/p>\n<p>Comienza el 20 de noviembre de 2008 en la Ciudad de M\u00e9xico.<\/p>\n<p>Fundado por M\u00f3nica Bejarano quien estudi\u00f3 y entren\u00f3 con Alejandro Mor\u00e1n y su compa\u00f1\u00eda Ollin Th\u00e9\u00e2tre Transformation Playback en Montreal, Qu\u00e9bec Canad\u00e1.<\/p>\n<p>Ensamble formado desde su inicio por actores profesionales, en su mayor\u00eda egresados de la Escuela Nacional de Arte Teatral INBA.<\/p>\n<p>Para el segundo a\u00f1o del Ensamble M\u00f3nica Bejarano se retira del proyecto quedando la Direcci\u00f3n Art\u00edstica a nombre de Andrea Sandoval.<\/p>\n<p>&nbsp;<\/p>\n<p>&nbsp;<\/p>\n<p>&nbsp;<\/p>\n<p><img loading=\"lazy\" decoding=\"async\" class=\"wp-image-149 alignright\" src=\"http:\/\/laescafandraplayback.com\/wp-content\/uploads\/2017\/05\/JornadasIBERO.jpeg\" alt=\"\" width=\"353\" height=\"541\" \/><\/p>\n<p>&nbsp;<\/p>\n<p>&nbsp;<\/p>\n<p>&nbsp;<\/p>\n<p>A lo largo de 8 a\u00f1os el Ensamble ha tenido presentaciones en lugares como:<\/p>\n<p>Foros independientes, teatros, bares, restaurantes, caf\u00e9s, galer\u00edas.<\/p>\n<p>Ha participado en Festivales de Teatro Independiente (3er, 4o, 5o y 6o FTI) Festival Internacional Tierra Sonora 2015,<\/p>\n<p>Ha participado con instituciones como:\u00a0 Secretar\u00eda de Educaci\u00f3n P\u00fablica (SEP), Programa de Apoyo a Estudiantes Ind\u00edgenas en Instituciones de Educaci\u00f3n Superior (PAEIIES), Universidad Iberoamericana CDMX, Colegio de Bachilleres Plantel 9 Arag\u00f3n.<\/p>\n<p>&nbsp;<\/p>\n<p>&nbsp;<\/p>\n<p>&nbsp;<\/p>\n<p>&nbsp;<\/p>\n<p>&nbsp;<\/p>\n<p><img loading=\"lazy\" decoding=\"async\" class=\"wp-image-74 aligncenter\" src=\"http:\/\/laescafandraplayback.com\/wp-content\/uploads\/2017\/05\/la-escafandra.jpg\" alt=\"\" width=\"748\" height=\"561\" \/><\/p>\n<p>&nbsp;<\/p>\n<p>Tambi\u00e9n en Casa Higuera (para j\u00f3venes en situaci\u00f3n de calle), Centro de Readaptaci\u00f3n Femenil Santa Martha Acatitla, Residencia de Descanso INAPAM &#8220;Casa Mitla&#8221;.<\/p>\n<p>Participado con Secretar\u00eda de Cultura del DF\u00a0 con el proyecto &#8220;Recuperando la memoria de los barrios capitalinos&#8221; en 2009 y 2010.<\/p>\n<p>Y en 2016 como parte de la Programaci\u00f3n Art\u00edstica con el proyecto &#8220;Contemos la historia de nuestro barrio&#8221;\u00a0 recorriendo plazas y calles de las delegaciones de la CDMX.<\/p>\n<p>Durante 5 a\u00f1os realiz\u00f3 sesiones abiertas de entrenamiento abiertas a todo p\u00fablico, creando un espacio de formaci\u00f3n y entrenamiento en Teatro Playback. Las sesiones se realizaron en la Escuela Mexicana de Psicodrama y Sociometr\u00eda con la que se cre\u00f3 un v\u00ednculo de complicidad y apoyo.<\/p>\n<p><img loading=\"lazy\" decoding=\"async\" class=\"wp-image-150 aligncenter\" src=\"http:\/\/laescafandraplayback.com\/wp-content\/uploads\/2017\/05\/IMG_2347-e1496806215135.jpg\" alt=\"\" width=\"767\" height=\"575\" \/><\/p>\n<p><img loading=\"lazy\" decoding=\"async\" class=\"wp-image-151 aligncenter\" src=\"http:\/\/laescafandraplayback.com\/wp-content\/uploads\/2017\/05\/Entrenamiento-de-Julio-009.jpg\" alt=\"\" width=\"902\" height=\"600\" \/><\/p>\n<p>&nbsp;<\/p>\n<p>Luego de 8 a\u00f1os de presentaciones, por el momento el Ensamble se encuentra desactivado. La Escafandra est\u00e1 trabajando en proyectos que involucran la pedagog\u00eda e investigaci\u00f3n de ciertos temas en el Teatro Playback, as\u00ed como promoviendo talleres y asesor\u00edas.<\/p>\n","protected":false},"excerpt":{"rendered":"<p>&nbsp; &nbsp; Comienza el 20 de noviembre de 2008 en la Ciudad de M\u00e9xico. Fundado por M\u00f3nica Bejarano quien estudi\u00f3 y entren\u00f3 con Alejandro Mor\u00e1n y su compa\u00f1\u00eda Ollin Th\u00e9\u00e2tre Transformation Playback en Montreal, Qu\u00e9bec Canad\u00e1. Ensamble formado desde su inicio por actores profesionales, en su mayor\u00eda egresados de la Escuela Nacional de Arte Teatral [&hellip;]<\/p>\n","protected":false},"author":1,"featured_media":151,"parent":0,"menu_order":0,"comment_status":"closed","ping_status":"closed","template":"template-fullwidth.php","meta":{"footnotes":""},"class_list":["post-64","page","type-page","status-publish","has-post-thumbnail","hentry"],"yoast_head":"<!-- This site is optimized with the Yoast SEO plugin v24.5 - https:\/\/yoast.com\/wordpress\/plugins\/seo\/ -->\n<title>Ensamble - Andrea Sandoval<\/title>\n<meta name=\"robots\" content=\"index, follow, max-snippet:-1, max-image-preview:large, max-video-preview:-1\" \/>\n<link rel=\"canonical\" href=\"https:\/\/andreasandovalz.com\/index.php\/sobre-la-escafandra-ensamble-teatra-playback\/\" \/>\n<meta property=\"og:locale\" content=\"en_US\" \/>\n<meta property=\"og:type\" content=\"article\" \/>\n<meta property=\"og:title\" content=\"Ensamble - Andrea Sandoval\" \/>\n<meta property=\"og:description\" content=\"&nbsp; &nbsp; Comienza el 20 de noviembre de 2008 en la Ciudad de M\u00e9xico. Fundado por M\u00f3nica Bejarano quien estudi\u00f3 y entren\u00f3 con Alejandro Mor\u00e1n y su compa\u00f1\u00eda Ollin Th\u00e9\u00e2tre Transformation Playback en Montreal, Qu\u00e9bec Canad\u00e1. Ensamble formado desde su inicio por actores profesionales, en su mayor\u00eda egresados de la Escuela Nacional de Arte Teatral [&hellip;]\" \/>\n<meta property=\"og:url\" content=\"https:\/\/andreasandovalz.com\/index.php\/sobre-la-escafandra-ensamble-teatra-playback\/\" \/>\n<meta property=\"og:site_name\" content=\"Andrea Sandoval\" \/>\n<meta name=\"twitter:card\" content=\"summary_large_image\" \/>\n<meta name=\"twitter:label1\" content=\"Est. reading time\" \/>\n\t<meta name=\"twitter:data1\" content=\"2 minutes\" \/>\n<script type=\"application\/ld+json\" class=\"yoast-schema-graph\">{\"@context\":\"https:\/\/schema.org\",\"@graph\":[{\"@type\":\"WebPage\",\"@id\":\"https:\/\/andreasandovalz.com\/index.php\/sobre-la-escafandra-ensamble-teatra-playback\/\",\"url\":\"https:\/\/andreasandovalz.com\/index.php\/sobre-la-escafandra-ensamble-teatra-playback\/\",\"name\":\"Ensamble - Andrea Sandoval\",\"isPartOf\":{\"@id\":\"https:\/\/andreasandovalz.com\/#website\"},\"primaryImageOfPage\":{\"@id\":\"https:\/\/andreasandovalz.com\/index.php\/sobre-la-escafandra-ensamble-teatra-playback\/#primaryimage\"},\"image\":{\"@id\":\"https:\/\/andreasandovalz.com\/index.php\/sobre-la-escafandra-ensamble-teatra-playback\/#primaryimage\"},\"thumbnailUrl\":\"\",\"datePublished\":\"2017-05-11T22:48:55+00:00\",\"breadcrumb\":{\"@id\":\"https:\/\/andreasandovalz.com\/index.php\/sobre-la-escafandra-ensamble-teatra-playback\/#breadcrumb\"},\"inLanguage\":\"en-US\",\"potentialAction\":[{\"@type\":\"ReadAction\",\"target\":[\"https:\/\/andreasandovalz.com\/index.php\/sobre-la-escafandra-ensamble-teatra-playback\/\"]}]},{\"@type\":\"ImageObject\",\"inLanguage\":\"en-US\",\"@id\":\"https:\/\/andreasandovalz.com\/index.php\/sobre-la-escafandra-ensamble-teatra-playback\/#primaryimage\",\"url\":\"\",\"contentUrl\":\"\"},{\"@type\":\"BreadcrumbList\",\"@id\":\"https:\/\/andreasandovalz.com\/index.php\/sobre-la-escafandra-ensamble-teatra-playback\/#breadcrumb\",\"itemListElement\":[{\"@type\":\"ListItem\",\"position\":1,\"name\":\"Home\",\"item\":\"https:\/\/andreasandovalz.com\/\"},{\"@type\":\"ListItem\",\"position\":2,\"name\":\"Ensamble\"}]},{\"@type\":\"WebSite\",\"@id\":\"https:\/\/andreasandovalz.com\/#website\",\"url\":\"https:\/\/andreasandovalz.com\/\",\"name\":\"Andrea Sandoval\",\"description\":\"\",\"potentialAction\":[{\"@type\":\"SearchAction\",\"target\":{\"@type\":\"EntryPoint\",\"urlTemplate\":\"https:\/\/andreasandovalz.com\/?s={search_term_string}\"},\"query-input\":{\"@type\":\"PropertyValueSpecification\",\"valueRequired\":true,\"valueName\":\"search_term_string\"}}],\"inLanguage\":\"en-US\"}]}<\/script>\n<!-- \/ Yoast SEO plugin. -->","yoast_head_json":{"title":"Ensamble - Andrea Sandoval","robots":{"index":"index","follow":"follow","max-snippet":"max-snippet:-1","max-image-preview":"max-image-preview:large","max-video-preview":"max-video-preview:-1"},"canonical":"https:\/\/andreasandovalz.com\/index.php\/sobre-la-escafandra-ensamble-teatra-playback\/","og_locale":"en_US","og_type":"article","og_title":"Ensamble - Andrea Sandoval","og_description":"&nbsp; &nbsp; Comienza el 20 de noviembre de 2008 en la Ciudad de M\u00e9xico. Fundado por M\u00f3nica Bejarano quien estudi\u00f3 y entren\u00f3 con Alejandro Mor\u00e1n y su compa\u00f1\u00eda Ollin Th\u00e9\u00e2tre Transformation Playback en Montreal, Qu\u00e9bec Canad\u00e1. Ensamble formado desde su inicio por actores profesionales, en su mayor\u00eda egresados de la Escuela Nacional de Arte Teatral [&hellip;]","og_url":"https:\/\/andreasandovalz.com\/index.php\/sobre-la-escafandra-ensamble-teatra-playback\/","og_site_name":"Andrea Sandoval","twitter_card":"summary_large_image","twitter_misc":{"Est. reading time":"2 minutes"},"schema":{"@context":"https:\/\/schema.org","@graph":[{"@type":"WebPage","@id":"https:\/\/andreasandovalz.com\/index.php\/sobre-la-escafandra-ensamble-teatra-playback\/","url":"https:\/\/andreasandovalz.com\/index.php\/sobre-la-escafandra-ensamble-teatra-playback\/","name":"Ensamble - Andrea Sandoval","isPartOf":{"@id":"https:\/\/andreasandovalz.com\/#website"},"primaryImageOfPage":{"@id":"https:\/\/andreasandovalz.com\/index.php\/sobre-la-escafandra-ensamble-teatra-playback\/#primaryimage"},"image":{"@id":"https:\/\/andreasandovalz.com\/index.php\/sobre-la-escafandra-ensamble-teatra-playback\/#primaryimage"},"thumbnailUrl":"","datePublished":"2017-05-11T22:48:55+00:00","breadcrumb":{"@id":"https:\/\/andreasandovalz.com\/index.php\/sobre-la-escafandra-ensamble-teatra-playback\/#breadcrumb"},"inLanguage":"en-US","potentialAction":[{"@type":"ReadAction","target":["https:\/\/andreasandovalz.com\/index.php\/sobre-la-escafandra-ensamble-teatra-playback\/"]}]},{"@type":"ImageObject","inLanguage":"en-US","@id":"https:\/\/andreasandovalz.com\/index.php\/sobre-la-escafandra-ensamble-teatra-playback\/#primaryimage","url":"","contentUrl":""},{"@type":"BreadcrumbList","@id":"https:\/\/andreasandovalz.com\/index.php\/sobre-la-escafandra-ensamble-teatra-playback\/#breadcrumb","itemListElement":[{"@type":"ListItem","position":1,"name":"Home","item":"https:\/\/andreasandovalz.com\/"},{"@type":"ListItem","position":2,"name":"Ensamble"}]},{"@type":"WebSite","@id":"https:\/\/andreasandovalz.com\/#website","url":"https:\/\/andreasandovalz.com\/","name":"Andrea Sandoval","description":"","potentialAction":[{"@type":"SearchAction","target":{"@type":"EntryPoint","urlTemplate":"https:\/\/andreasandovalz.com\/?s={search_term_string}"},"query-input":{"@type":"PropertyValueSpecification","valueRequired":true,"valueName":"search_term_string"}}],"inLanguage":"en-US"}]}},"_links":{"self":[{"href":"https:\/\/andreasandovalz.com\/index.php\/wp-json\/wp\/v2\/pages\/64","targetHints":{"allow":["GET"]}}],"collection":[{"href":"https:\/\/andreasandovalz.com\/index.php\/wp-json\/wp\/v2\/pages"}],"about":[{"href":"https:\/\/andreasandovalz.com\/index.php\/wp-json\/wp\/v2\/types\/page"}],"author":[{"embeddable":true,"href":"https:\/\/andreasandovalz.com\/index.php\/wp-json\/wp\/v2\/users\/1"}],"replies":[{"embeddable":true,"href":"https:\/\/andreasandovalz.com\/index.php\/wp-json\/wp\/v2\/comments?post=64"}],"version-history":[{"count":0,"href":"https:\/\/andreasandovalz.com\/index.php\/wp-json\/wp\/v2\/pages\/64\/revisions"}],"wp:featuredmedia":[{"embeddable":true,"href":"https:\/\/andreasandovalz.com\/index.php\/wp-json\/"}],"wp:attachment":[{"href":"https:\/\/andreasandovalz.com\/index.php\/wp-json\/wp\/v2\/media?parent=64"}],"curies":[{"name":"wp","href":"https:\/\/api.w.org\/{rel}","templated":true}]}}